{"id":12,"date":"2024-08-22T02:38:05","date_gmt":"2024-08-22T02:38:05","guid":{"rendered":"https:\/\/www.vincent-breed.com\/?page_id=12"},"modified":"2024-08-22T02:38:06","modified_gmt":"2024-08-22T02:38:06","slug":"presentation","status":"publish","type":"page","link":"https:\/\/www.vincent-breed.com\/?page_id=12","title":{"rendered":"Presentation"},"content":{"rendered":"\n<figure class=\"wp-block-image\"><img decoding=\"async\" src=\"https:\/\/web.archive.org\/web\/20190505195623im_\/http:\/\/vincent-breed.com\/img\/presnetation.jpg\" alt=\"\"\/><\/figure>\n\n\n\n<p>La rencontre de Vincent Breed avec le verre fait suite \u00e0 des \u00e9tudes de Design Industriel puis aux Arts D\u00e9coratifs, suivies d\u2019un compagnonnage aupr\u00e8s de maitres verriers de renomm\u00e9e internationale.<\/p>\n\n\n\n<p>Perfectionniste et technicien averti, il aborde le verre en tant qu\u2019artiste plut\u00f4t comme mat\u00e9riau d\u2019art contemporain et support d\u2019expression plastique. Son gout pour les formes pens\u00e9es et maitris\u00e9es l\u2019am\u00e8ne \u00e0 se concentrer sur le soufflage, mode d\u2019expression le plus noble du verre.<br>Cette pratique demande une pr\u00e9paration longue et pr\u00e9cise, un murissement n\u00e9cessaire du dessin \u00e0 l\u2019image mentale qui doit s\u2019inscrire, souffle et gestes dans un temps compt\u00e9, sans repentirs possibles, la forme illustrant ainsi la qualit\u00e9 de la mati\u00e8re.<br>Il y trouve l\u00e0 l\u2019instant maitris\u00e9 du fa\u00e7onnage manuel direct des volumes et des formes d\u2019une cr\u00e9ation \u00e0 plus de 1000\u00b0.<br>Sa grammaire artistique l\u2019am\u00e8ne souvent au compl\u00e9ment d\u2019objet, par le jeu des couleurs, du reflet, voire de l\u2019image, qu\u2019il y incorpore par l\u2019argenture. Espace factice, moment furtif d\u2019une nouvelle perception, toujours en fuite et qui, toujours renouvel\u00e9e ne laisse de traces que dans l\u2019esprit.<br>Ainsi ceux qui, a Hong Kong, Paris ou Monaco, croisent ses grands Totems, justement UNTILTED peuvent s\u2019offrir en s\u2019y regardant, s\u2019ils sont attentifs, le m\u00eame voyage de v\u00e9rit\u00e9 qu\u2019Alice, dans ce miroir derri\u00e8re lequel lui se cache \u00e0 sa fa\u00e7on. C\u2019est cette maitrise mentale et technique de la construction et de la r\u00e9alisation d\u2019une cr\u00e9ation que propose Vincent Breed dans ses collaborations avec ou pour le whisky Ballantine\u2019s, Yves Saint-Laurent, Jean Nouvel, Matali Crasset, Hilton McConnico, Paul Bocuse, No\u00e9 Duchaufour-Lawrance, Rirkrit Tiravanija, Le Gentil Gar\u00e7on.<\/p>\n\n\n\n<p>Son travail a \u00e9t\u00e9 ou est expos\u00e9 au Design Center NYC, H\u00f4tel Ph\u0153nicia Beyrouth, Millionar Fair Moscou, H\u00f4tel Murano Paris, Maya Bay Monte-Carlo, Residence Bel-Air Hong Kong, One Pacific Heights Hong Kong, Shangha\u00ef Art 2010, Hong Kong Art Fair 2011 Art Beatus Hong Kong, Mus\u00e9e du Verre de Sars-Poterie, Mus\u00e9e du verre de Murano.<\/p>\n\n\n\n<p>Arriv\u00e9 \u00e0 12 ans de sa capitale Hollandaise natale dans la Bourgogne profonde, Vincent Breed r\u00e9alise l\u00e0, aujourd\u2019hui, l\u2019aboutissement d\u2019une longue saga artistique familiale jusque l\u00e0 non av\u00e9r\u00e9e. C\u2019est toute cette histoire qu\u2019il insuffle aussi comme \u00ab la part des anges \u00bb dans ses cr\u00e9ations.<\/p>\n\n\n\n<p>Vincent Breed \u00e9tait l\u2019unique repr\u00e9sentant professionnel de l\u2019art verrier fran\u00e7ais \u00e0 la Biennale d\u2019Art Contemporain de Venise 2011.<\/p>\n\n\n\n<p>Jean-Pierre Evrard<\/p>\n","protected":false},"excerpt":{"rendered":"<p>La rencontre de Vincent Breed avec le verre fait suite \u00e0 des \u00e9tudes de Design Industriel puis aux Arts D\u00e9coratifs, suivies d\u2019un compagnonnage aupr\u00e8s de maitres verriers de renomm\u00e9e internationale. Perfectionniste et technicien averti, il aborde le verre en tant qu\u2019artiste plut\u00f4t comme mat\u00e9riau d\u2019art contemporain et support d\u2019expression plastique. Son gout pour les formes &#8230; <a title=\"Presentation\" class=\"read-more\" href=\"https:\/\/www.vincent-breed.com\/?page_id=12\" aria-label=\"Read more about Presentation\">Read more<\/a><\/p>\n","protected":false},"author":1,"featured_media":0,"parent":0,"menu_order":0,"comment_status":"closed","ping_status":"closed","template":"","meta":{"footnotes":""},"class_list":["post-12","page","type-page","status-publish"],"_links":{"self":[{"href":"https:\/\/www.vincent-breed.com\/index.php?rest_route=\/wp\/v2\/pages\/12","targetHints":{"allow":["GET"]}}],"collection":[{"href":"https:\/\/www.vincent-breed.com\/index.php?rest_route=\/wp\/v2\/pages"}],"about":[{"href":"https:\/\/www.vincent-breed.com\/index.php?rest_route=\/wp\/v2\/types\/page"}],"author":[{"embeddable":true,"href":"https:\/\/www.vincent-breed.com\/index.php?rest_route=\/wp\/v2\/users\/1"}],"replies":[{"embeddable":true,"href":"https:\/\/www.vincent-breed.com\/index.php?rest_route=%2Fwp%2Fv2%2Fcomments&post=12"}],"version-history":[{"count":1,"href":"https:\/\/www.vincent-breed.com\/index.php?rest_route=\/wp\/v2\/pages\/12\/revisions"}],"predecessor-version":[{"id":13,"href":"https:\/\/www.vincent-breed.com\/index.php?rest_route=\/wp\/v2\/pages\/12\/revisions\/13"}],"wp:attachment":[{"href":"https:\/\/www.vincent-breed.com\/index.php?rest_route=%2Fwp%2Fv2%2Fmedia&parent=12"}],"curies":[{"name":"wp","href":"https:\/\/api.w.org\/{rel}","templated":true}]}}